*t = -4*m + 22, -4*m + 69 = -3*t. Let u(p) = -2*p + 37. Let r be u(m). What are the prime factors of 1872/10 + r/25?
11, 17
Let q(l) = -l**3 + 40*l**2 - 65*l + 39. Let y = -558 - -596. List the prime factors of q(y).
457
Suppose -2*i = d + 25, 2*i - 2 = -10. Let n(s) = -s**2 - 57*s - 16. What are the prime factors of n(d)?
2, 83
Let b(c) = -490*c + 4760. What are the prime factors of b(-52)?
2, 3, 5, 7
Let r(y) = -4*y + 22. Let h be r(-5). Let o be (h/18)/((3/(-1))/18). Let g = o - -56. What are the prime factors of g?
2, 3, 7
Let k(g) = -21*g**3 - 20*g**2 - 143*g + 6. What are the prime factors of k(-10)?
2, 3, 13, 131
Let s(i) = -24*i + 2462. List the prime factors of s(-11).
2, 29, 47
Let n = -269 - -698. Suppose 4*t = 3*j + 1224, 5*j = -5*t + 1959 - n. What are the prime factors of t?
2, 3, 17
Suppose -2*d + 13*d + 1852 = 55202. List the prime factors of d.
2, 5, 97
Let p be (181 + -6)*((-21)/(-15) + -1). Suppose 2730 = -56*g + p*g. What are the prime factors of g?
3, 5, 13
Suppose 0 = -5*a - 0*a + 4713 + 7307. What are the prime factors of a?
2, 601
Let y = -28 - -22. Let d(n) = 14*n**2 + 11*n + 14. List the prime factors of d(y).
2, 113
Let v(z) = -157*z**3 - 11*z**2 - 13*z + 8. What are the prime factors of v(-3)?
53, 79
Let m = 70 - 78. Let j(h) = h**2 + 4*h + 9. Let c be j(m). Suppose -c = -13*t + 1051. List the prime factors of t.
2, 3, 7
Let w = -1380 - -2425. What are the prime factors of w?
5, 11, 19
Let a(d) = 1237*d**2 + 32*d - 65. List the prime factors of a(4).
5, 11, 19
Let g = -21183 - -43721. What are the prime factors of g?
2, 59, 191
Let a(z) be the third derivative of 17*z**4/8 - 14*z**3/3 + 48*z**2. List the prime factors of a(4).
2, 11
What are the prime factors of 22/(-2) - (476/(-17) + -60430)?
3, 20149
Let h(o) = 207*o - 34. What are the prime factors of h(46)?
2, 593
Let u = -35219 + 78566. List the prime factors of u.
3, 14449
Let k(w) = w**3 - 52*w**2 + 92*w + 174. What are the prime factors of k(53)?
29, 271
Let o(r) = r**3 - 41*r**2 + 4*r + 64. Let l(n) = 2*n**3 - 83*n**2 + 7*n + 130. Let z(p) = 4*l(p) - 9*o(p). What are the prime factors of z(36)?
2, 7, 17
Let y = -8079 - -10068. List the prime factors of y.
3, 13, 17
Let s = -57 + 60. Suppose 2136 = 11*w - s*w. List the prime factors of w.
3, 89
Let q(x) = -x**2 - 3*x + 72. Let n be q(-10). Suppose 4*c - 448 = 3*j + 918, 4*j = n*c - 678. What are the prime factors of c?
7
Suppose -3 = y - 15. Let m(l) = -8*l + 12. Let t be m(y). Let n = 141 + t. List the prime factors of n.
3, 19
Suppose -5*v = q - 3, -3*q + v + 3*v = 48. Let t be (-3)/q - 8/32. Suppose -y + t*y = 1, -c + 3*y = -36. What are the prime factors of c?
3, 11
Let h be 15/(15/4) + -2. List the prime factors of (7/h + -3)/(1/1138).
569
Let m(d) = 75*d + 89. Let l(a) = 19*a + 22. Let n be 0 + -3 + 2 + -8*1. Let i(g) = n*l(g) + 2*m(g). What are the prime factors of i(-7)?
127
Let b(i) be the first derivative of 4*i**3/3 - 11*i**2/2 + i - 19. What are the prime factors of b(12)?
5, 89
Let d = -22 - -29. Let p(x) = -x**3 + 11*x**2 - 7*x - 27. What are the prime factors of p(d)?
2, 3, 5
Suppose -22*c + 159 - 49 = 0. Suppose c*l - 2888 = -4*x, 3*l + l - x - 2323 = 0. List the prime factors of l.
2, 5, 29
Let n(d) = 3*d**2 - 3*d - 4. Let q be n(-1). Suppose 2*g - g - 205 = -5*m, q*g - 438 = -3*m. What are the prime factors of g?
3, 5
Suppose 2 + 14 = 4*x. Suppose -x*r + 3*v + 0*v + 1151 = 0, 2*r = -4*v + 570. What are the prime factors of r?
7, 41
Suppose 0 = 2*l + 4*z - 0*z - 26, 22 = l + 5*z. Let h(k) = -k**2 + 3. Let p be h(0). Suppose 5*b = l*b + 4*n + 2, p*b = -2*n + 9. List the prime factors of b.
5
List the prime factors of (51048/14 - 78/273)/1.
2, 1823
Let f(j) = 2685*j + 62. List the prime factors of f(1).
41, 67
Suppose 44*z - 46*z + 25288 = 5*y, -15188 = -3*y - 5*z. What are the prime factors of y?
2, 79
Let f = -1013 + 529. Let w be (f/132)/(2/(6/(-1))). Suppose 106 = j - w. What are the prime factors of j?
3, 13
Let l(c) = 6*c - 56. Let f be l(10). List the prime factors of 116/(-87)*(-1011)/f.
337
Let q(l) = l**3 + 3*l**2 - l + 2. Let f be q(-3). Suppose 2*g - 35 = -s - 424, 959 = -f*g + 2*s. Let y = 283 + g. What are the prime factors of y?
2, 3, 5
Suppose -166 = 6*v - 178. Suppose 5*p = 4*s - 595, -3*s + v*p = -5*s + 284. What are the prime factors of s?
5, 29
Suppose -71*o + 74528 = -88204. List the prime factors of o.
2, 3, 191
Let u(h) = h + 0*h - 2*h - 3 + 5*h + 90*h**3. Let l(b) = b**2 + 7*b + 1. Let n be l(-7). What are the prime factors of u(n)?
7, 13
Let c(n) = -n**3 + 4*n**2 + n + 24. Let k be c(8). Let a = k + 589. List the prime factors of a.
5, 73
Suppose 6*v = 5*k + v + 35, 2*k - 5*v + 29 = 0. List the prime factors of (-53 - 2753)*1/k.
23, 61
Suppose 7*z - 2*z - 75 = 0. Suppose 5*d - 3*t = 11, -112*d - 5*t = -109*d - 61. Suppose -a + d = -z. List the prime factors of a.
2, 11
Let o = 8088 - -4430. What are the prime factors of o?
2, 11, 569
Let z = 142 - 66. Let x = -126 + z. Let h = x + 119. What are the prime factors of h?
3, 23
Let j(o) = 4848*o + 2474. List the prime factors of j(5).
2, 19, 37
Let h be 10/(-30) - 1771/(-3). Suppose k - h = -5*r + 928, 5*r = -5*k + 7550. List the prime factors of k.
2, 13, 29
Let g(j) be the first derivative of -7*j**2/2 - 2*j + 3. Suppose -t + 2 = -2, -t + 10 = -r. List the prime factors of g(r).
2, 5
Let s(j) = 71*j**3 + 2*j - 1. Suppose 2*l = -5*q - 212, 5*l + 156 = -5*q + q. Let b be -3*(-4 + q/(-12)). What are the prime factors of s(b)?
2, 3
Let h = -613 - -627. List the prime factors of h/(-21)*9 - -349.
7
Suppose -10*x - 20 = -15*x. Let s be 5*(x - (1 + 2)). Suppose -6*n + 3*n - s*u = -97, -u - 103 = -3*n. What are the prime factors of n?
2, 17
What are the prime factors of 12/138 - 1557895/(-115)?
19, 23, 31
Let l(u) = -8*u + 7*u - 27 + 32. Let x be l(0). Suppose -x*s + 19 + 46 = 0. What are the prime factors of s?
13
Let a = 16611 - -15062. List the prime factors of a.
19, 1667
Let j = -7132 - -22896. What are the prime factors of j?
2, 7, 563
Let z(v) = 3*v**2 + 14*v + 21. Suppose -6*n - 54 = -18. Let m be z(n). Suppose m*r - 49*r = -628. List the prime factors of r.
157
Let u = 8777 + 17278. List the prime factors of u.
3, 5, 193
Let c be 31/7 - ((-105)/49)/(-5). Suppose -438 = 2*s - c*s. What are the prime factors of s?
3, 73
Let b be (-1*(-28)/49)/((-2)/(-28)). Let q be 1 - 2 - b/32*16. List the prime factors of 645/q*(-2 - -1).
3, 43
Let a = -7759 + 14133. What are the prime factors of a?
2, 3187
List the prime factors of ((-64)/6 + 12)*1/(1/5847).
2, 1949
Let l(a) = a**2 - 7*a - 8. Let p be l(8). Let k be 0 + p/1 + (25 - 24). Suppose -3*g + 3*m = -318, 5*m + 9 = -k. What are the prime factors of g?
2, 13
Suppose -38*x - 9766 = -2*y - 35*x, -x = 2*y - 9766. What are the prime factors of y?
19, 257
Let x = 20 - 13. Let s(v) = -225 + 150 + 19*v + 112. What are the prime factors of s(x)?
2, 5, 17
Suppose 0 = 184*b - 180*b + 1260. What are the prime factors of ((-900)/b)/(4/70)?
2, 5
Suppose -2 + 57 = 11*r. Let m(t) = 62*t - 129. List the prime factors of m(r).
181
Let q = -1695 + 1697. Suppose -11 = 3*w + 2*r - 28, 1 = 3*w - 2*r. Suppose -q*a = w*m - 53, 19 = a - 5*m - 27. List the prime factors of a.
31
Let r be -1*(-22 + -3)/5. Suppose -3*p = -2*w + 95, -r*w + 0*w - 4*p = -180. Let n = w - -27. What are the prime factors of n?
67
Let u(p) = -p**3 - 4*p**2 - 3*p - 1. Let o be u(-2). Let h be (-15)/2*28/o. Suppose -6*f - h = -598. List the prime factors of f.
2, 11
Suppose 6*h + 5*m = 2*h + 409, 3*m = 4*h - 433. Let y be h/22 + (-4)/(-22). Suppose -5*i = y*r - 479 + 89, 5*r = -4*i + 310. What are the prime factors of i?
2, 5
Let i(k) be the second derivative of -28*k**3/3 + 8*k**2 + 15*k. Let n be i(-4). Suppose 15*g - 12*g = n. List the prime factors of g.
2, 5
Let a(b) be the second derivative of b**3/3 - 5*b**2 + 25*b. Let d be a(5). Let m(l) = 2*l**2 - l + 129. What are the prime factors of m(d)?
3, 43
Suppose -4*l - 1 = -17, 4*g + 5*l - 932 = 0. Let v be 3*(1 - g/(-27)*3). Let y = v + 14. List the prime factors of y.
3, 31
Let h(m) = -4351*m + 353. What are the prime factors of h(-4)?
3, 1973
Suppose 34*c = 31*c. Suppose 0 = -5*s + 10, c = m + 2*s - 3 - 3. Let r(l) = 26*l**2 - 8*l + 2. What are the prime factors of r(m